ose -2*x + c = -39. What are the prime factors of x?
2, 3
Let j be 3 + 2 + -7 - 3. Let n = 119 + j. What are the prime factors of n?
2, 3, 19
Let d = 5280 + -3369. What are the prime factors of d?
3, 7, 13
Let y = 322 - 121. List the prime factors of y.
3, 67
Suppose -a - 4 = -3*r + 15, 3*a - 13 = -5*r. Suppose 5*s - 597 = 5*g + 183, -r*s - 3*g = -780. Suppose -z + s = 3*z. What are the prime factors of z?
3, 13
Let s(o) = o**2 + 11*o + 229. List the prime factors of s(0).
229
Let v(u) = -57*u**3 - u. Let q be v(-1). What are the prime factors of -1 - (-1 - (q - (3 - 0)))?
5, 11
Suppose 0 = 4*c + 3*z - 993, 5*c = 2*z + 2*z + 1218. Suppose 3*g = 3*f - c, 3*g + 0*g = 5*f - 410. List the prime factors of f.
2, 41
What are the prime factors of 56/98 - 20866/(-14)?
3, 7, 71
Suppose -4*j - 88 + 2496 = 0. Suppose 11*y = -3*y + j. List the prime factors of y.
43
Suppose 3*a - 15 = -3. Suppose -5*n + 545 = -h - 4*h, 4*n + a*h = 476. List the prime factors of n.
2, 3, 19
Let y = -62 + 4961. List the prime factors of y.
3, 23, 71
Let o = -11 + 21. Suppose -4*m = -o - 2. Suppose -10 = -4*c - 2*a, 8 = 4*c - m*c - 5*a. List the prime factors of c.
3
Suppose 0 = 2*d - 4*v + 50, -2*d - 5*v - 5 = -0. Let j be (-2)/(-4) - d/6. Suppose -4*s + 119 = j*p, 0*s - 5*p = 2*s - 49. List the prime factors of s.
2
Suppose 0 = -22*b + 3*b + 38266. What are the prime factors of b?
2, 19, 53
List the prime factors of (-25)/(-5) - 2240/(-4).
5, 113
Let l = -1058 + 3125. What are the prime factors of l?
3, 13, 53
Suppose 4*w - 6*w = -8. Suppose w*n = -p + 7 - 34, 48 = -2*p - 5*n. Let k = 39 + p. List the prime factors of k.
2, 5
Let v(p) = p**3 - 21*p**2 + 38*p + 3. Let h be v(19). Suppose 5*k - 4*c - 47 = 0, -31 = -h*k - c + 2*c. List the prime factors of k.
11
Let o = 3482 - -363. What are the prime factors of o?
5, 769
Let i(m) be the first derivative of -8*m**2 + 4*m + 7. Let g be i(-6). Suppose -4*b = b - g. List the prime factors of b.
2, 5
Suppose -4*o + 56 = 4*u, 4 = -2*u + 2. Let z = 551 + -157. List the prime factors of (-6)/o + z/10.
3, 13
Let j(w) = -w**3 + 37*w**2 - 46*w + 743. List the prime factors of j(34).
2647
Let j(g) = g**3 - 16*g**2 - 3*g + 19. Let n be j(14). Let d = -773 - n. List the prime factors of 2/6 + d/(-6).
2, 3, 5
Let v = 1344 + -552. List the prime factors of v.
2, 3, 11
Suppose 5*s = -x + 1446, 5*x + 661 - 7919 = 3*s. List the prime factors of x.
1451
Suppose -25*a + 24*a + 17 = 0. Suppose 15*g - a*g + 64 = 0. What are the prime factors of g?
2
Let k(f) = -2*f + 2. Let t be k(-7). Let j = t + -10. Suppose -2*m + j = -0*m. What are the prime factors of m?
3
Let v be 173 + (0 - (-9 + 2) - 4). Let u = v - 156. What are the prime factors of u?
2, 5
Suppose k + 4*k = 185. Let a be 4/26 - k/(-13). Let g(l) = 9*l - 4. What are the prime factors of g(a)?
23
Let g(v) = 10*v**2 - 14*v + 98. What are the prime factors of g(7)?
2, 5, 7
List the prime factors of -3 - 18/(-8) - (-17745)/28.
3, 211
Let w(c) = 1351*c**2 - 3*c - 4. Let s be w(-1). Suppose -14*r = -204 - s. List the prime factors of r.
3, 37
Let s(o) = -42*o**3 - 5*o**2 - 8*o - 4. List the prime factors of s(-1).
41
Suppose k = 4*d + 2 - 0, 2*k = 5*d + 4. Suppose n + 30 = -4*t + 83, 0 = n - k*t - 83. List the prime factors of n.
73
Let q be 35*-4 - (6 - 4 - 1). Let n = -42 - q. List the prime factors of n.
3, 11
Let c = 178 + 312. List the prime factors of c.
2, 5, 7
Let k be 0/(-1) - (3 - (2 + 137)). Let m = k + -49. What are the prime factors of m?
3, 29
Let r(h) = 6*h**3 - 22*h**2 + h - 26. Let i(m) = 5*m**3 - 23*m**2 - 25. Let d(u) = -5*i(u) + 4*r(u). List the prime factors of d(27).
3, 43
Let r be (-8)/(-6) + 2/(-6). Suppose y = -r - 0. What are the prime factors of (-1 - (4 - 1))*y?
2
Let q(h) = -50*h + 168. List the prime factors of q(-8).
2, 71
Let n(a) = 17*a**2 + 5. Let i be n(2). Suppose u + 5*s - 113 = -0*u, -u = -3*s - i. What are the prime factors of u?
2, 11
What are the prime factors of (14 - 2 - 3)*(15 - 14)?
3
List the prime factors of (-1 - -2)/((-8)/(-1448)).
181
Suppose 0 = 2*f - 4*f - 166. Let d = 140 + f. What are the prime factors of d?
3, 19
Let r = 216 - -600. Suppose -4*p = -12*p + r. List the prime factors of p.
2, 3, 17
Let j(c) = -c**3 - 8*c**2 - 17*c + 6. List the prime factors of j(-6).
2, 3
Let s(n) = 2*n**2 - 6*n - 6. Let o(d) = 0 - d + 5*d**2 - 9*d**2 + 2*d**2 - 2. Let j be o(-1). List the prime factors of s(j).
2, 3, 5
Suppose -27 = 12*h - 87. List the prime factors of 32/8 + h + 2 + 1.
2, 3
Let y = 32 - -200. List the prime factors of y.
2, 29
Suppose 6*o - 7*o - 139 = 0. Let k = o - -257. Let x = k - 69. What are the prime factors of x?
7
What are the prime factors of (-3 + (-6 - 20))*18/(-3)?
2, 3, 29
Let m be (-43)/((-21)/7 - (-88)/30). Suppose 6*c - 15 = m. What are the prime factors of c?
2, 5, 11
Let m(j) = -50*j + 292. List the prime factors of m(-10).
2, 3, 11
Suppose 21*c + 966 = 24*c. Suppose -5*s + 568 = -c. What are the prime factors of s?
2, 89
Suppose -w = -0 - 3, 0 = -3*o + 4*w + 3. Suppose o*t + 42 = 157. What are the prime factors of t?
23
Suppose -50*h + 19558 + 21042 = 0. What are the prime factors of h?
2, 7, 29
Let t = -375 + 5923. List the prime factors of t.
2, 19, 73
Let d(m) = -54*m + 246. List the prime factors of d(-8).
2, 3, 113
Suppose -3*y = 5*d - 191, -6*y + 2*y = 4*d - 252. Suppose 0*l = l - y. What are the prime factors of l?
2, 31
Let g be ((-1)/3)/((-1)/9). Suppose 212 = 5*m - g*m. Suppose m - 22 = 3*s. List the prime factors of s.
2, 7
Let n(l) = l**3 - 5*l**2 - 5*l + 41. Let q be n(4). Let r be -20*((-2)/10 - 1). Suppose u - 9 + r = -5*k, -35 = -3*u + q*k. What are the prime factors of u?
5
Suppose 48 = 2*b - 5*b. Suppose -5*j = -2*n - 3*n + 1905, -5*j = 4*n - 1551. List the prime factors of n/10 - b/(-40).
2, 19
Suppose 1055 = 8*i - 6265. What are the prime factors of i?
3, 5, 61
Suppose -h - 12*h = 26. Let c(y) = -y**3 + 2*y + 2. Let k be c(-2). List the prime factors of h + k/(-4)*-22.
31
Let p = 127 - 128. Let c(m) = 284*m**2 + 6*m + 7. What are the prime factors of c(p)?
3, 5, 19
Suppose -5*i = 2*k - 0*k - 14, -4*i - 20 = -k. Let o be 3/(-5) + k/(-5). What are the prime factors of (-86)/(-4) + o/(-2)?
23
Suppose 3*i = 7*i + 12. Let w be (i + 24/9)*-3. What are the prime factors of 36 + w*(-1 - 0)?
5, 7
Let q(v) = 0 - 3 - 23*v + 121*v**2 + 27*v. What are the prime factors of q(1)?
2, 61
Suppose 4*a = 4, 43*d + a + 2423 = 47*d. List the prime factors of d.
2, 3, 101
Suppose 4*l = 3*j - 7021, 4*j - 2903 = 4*l + 6461. What are the prime factors of j?
3, 11, 71
Suppose 2*i - 5*j = 6*i + 106, -31 = i - j. Let x = 37 + i. Suppose -3*n + 32 = x. List the prime factors of n.
2
Let j be (8/5)/((-1)/20). Let i = 973 - 936. Let d = i + j. List the prime factors of d.
5
Let d(z) = 19*z**2 - 20*z - 4. What are the prime factors of d(-4)?
2, 5, 19
Let t(h) be the first derivative of -h**4/4 - 5*h**3/3 + 9*h**2/2 - 4*h + 8. Suppose -14 = 3*m - m. List the prime factors of t(m).
31
Let k(q) = q**3 + q**2 + q + 1. Let d be k(-1). Suppose -j = v - 13, d = 4*v - 3*v - 4*j - 23. List the prime factors of v.
3, 5
Let g(p) = p**3 + 12*p**2 - 10*p - 10. Let n be g(-7). Suppose n = 5*z - 0*z. What are the prime factors of z?
61
List the prime factors of (-12 - 8)*(-102)/10.
2, 3, 17
Let t be (35/(-15))/(1/12). Let f = t + 218. Suppose 0 = -2*p - 3*p + f. List the prime factors of p.
2, 19
Let p = -976 - -2197. What are the prime factors of p?
3, 11, 37
Suppose 16 = 2*q - 0*q - 2*c, c = 1. Let f(s) = 10 + 3*s + 3*s - s. List the prime factors of f(q).
5, 11
Let u(v) = 3*v**2 + 4*v + 3. Let d be u(-1). Suppose -226 + 856 = d*g. What are the prime factors of g?
3, 5, 7
Let b = 2 - 39. Let u = -32 - b. Suppose -u*f = -3*h - 0*h, 0 = 2*f + h - 11. What are the prime factors of f?
3
Let a(y) = 7*y**2 - 12*y + 1. Let v(o) = -o**2 + o - 1. Let g(x) = a(x) + 6*v(x). What are the prime factors of g(-7)?
2, 43
Let b = 2375 - 2090. List the prime factors of b.
3, 5, 19
Suppose 2*c = -4*c - 36. Let w be (-28)/c + 4/12. Suppose -2*k - 3*k + 245 = w*m, 2*k - 257 = -5*m. What are the prime factors of m?
53
Let k(z) = 20*z**3 - z**2 + 2. Let m be k(1). Suppose 0 = 5*y - 84 - m. What are the prime factors of y?
3, 7
Suppose -2*y - 5 = -x - 2*x, 3*y - 5*